
In base 6, what is 10122 - 31?
10051
In base 3, what is -202011000012 + 12?
-202011000000
In base 9, what is -41 + -12570?
-12621
In base 15, what is -10 - bd93?
-bda3
In base 4, what is -23001220 + -123?
-23002003
In base 8, what is -13 - 150167?
-150202
In base 8, what is -124764 + 4?
-124760
In base 12, what is 3775 - -4?
3779
In base 7, what is 52211004 + -3?
52211001
In base 4, what is -120101 - -320?
-113121
In base 15, what is 9 - -52d80?
52d89
In base 4, what is -1101 - 30323?
-32030
In base 12, what is -262ba93 - -4?
-262ba8b
In base 6, what is -4 - -1334350?
1334342
In base 10, what is -2963 + -17?
-2980
In base 3, what is 2 - -112001020210?
112001020212
In base 8, what is -2262 - -21?
-2241
In base 9, what is 110 - 23850?
-23740
In base 9, what is 3147 + -11?
3136
In base 3, what is -200121120102 + 1000?
-200121112102
In base 7, what is 166 - -161?
360
In base 11, what is 5 - 44656?
-44651
In base 16, what is 3b87 + 2?
3b89
In base 11, what is -1 - 20726?
-20727
In base 16, what is -6 + 5f6?
5f0
In base 7, what is -45135 - 122?
-45260
In base 11, what is 1795 - -1012?
27a7
In base 14, what is 53c89 + -3?
53c86
In base 4, what is 21 + -21213232?
-21213211
In base 7, what is 5 - 15506300?
-15506262
In base 15, what is 1b35b - d?
1b34d
In base 9, what is -33171 - 11?
-33182
In base 10, what is -4 - 18541?
-18545
In base 14, what is -7d63b6 - 2?
-7d63b8
In base 16, what is 23 + -6af?
-68c
In base 2, what is -11110110110001011011110 - 1?
-11110110110001011011111
In base 16, what is 3fb7 - a?
3fad
In base 6, what is -23105 + 2202?
-20503
In base 8, what is 10633 + 24?
10657
In base 8, what is -5767 + 10?
-5757
In base 7, what is -3 - 112642?
-112645
In base 2, what is 110011 - -101110000110011?
101110001100110
In base 15, what is -301 + -2?
-303
In base 12, what is 3 + 2169?
2170
In base 5, what is 2041031 - 12?
2041014
In base 16, what is -70c - -7?
-705
In base 11, what is 5 - 2970a?
-29705
In base 9, what is 235 + 16?
252
In base 9, what is -3 + -305878?
-305882
In base 9, what is 4 - -374252?
374256
In base 11, what is 1787 - a?
1778
In base 8, what is 1 + -151611?
-151610
In base 16, what is 10 - -1197?
11a7
In base 5, what is 10 + 1420244?
1420304
In base 13, what is -224 + -220?
-444
In base 16, what is 1 - e85b7?
-e85b6
In base 7, what is 11346320 + 2?
11346322
In base 9, what is 126364 - -2?
126366
In base 5, what is 112421204 - 2?
112421202
In base 14, what is 7 + 9c9c?
9ca5
In base 15, what is 4e + c8?
127
In base 12, what is -499 + b?
-48a
In base 12, what is -49 + 10b?
82
In base 3, what is 20002 - 202000?
-111221
In base 16, what is -158b + 79?
-1512
In base 8, what is -5 + 31073?
31066
In base 5, what is 10232 + -241?
4441
In base 10, what is 3262 - -145?
3407
In base 5, what is -2234143041 - 2?
-2234143043
In base 12, what is 3008 - 15?
2bb3
In base 12, what is -1730 + 115?
-1617
In base 9, what is -26 - -2821?
2784
In base 4, what is -320213313 - 11?
-320213330
In base 16, what is -34 - -ed?
b9
In base 4, what is 11 - 1221233?
-1221222
In base 10, what is 4691 + 4?
4695
In base 2, what is 110111 + 110111101001?
111000100000
In base 14, what is 1 + 368d?
3690
In base 16, what is 5f3 + 3cc?
9bf
In base 12, what is -b - -7877?
7868
In base 8, what is -2574 + -520?
-3314
In base 13, what is -3 - -89b0c?
89b09
In base 4, what is 10011 - 112220?
-102203
In base 10, what is -48655 + -3?
-48658
In base 15, what is -26 - -2e7?
2c1
In base 13, what is -45814 - 6?
-4581a
In base 2, what is 101 + 100000011001101101?
100000011001110010
In base 14, what is 1 - 104a?
-1049
In base 11, what is -28 + 75167?
7513a
In base 12, what is 7b3 - -762?
1355
In base 16, what is -2f1a - 73?
-2f8d
In base 11, what is -1aa - 1463?
-1662
In base 2, what is -11010110000001101 - -10000?
-11010101111111101
In base 8, what is 11300 - 0?
11300
In base 8, what is -1 + 4330173?
4330172
In base 14, what is -1 + 5d1?
5d0
In base 15, what is -36 - -261?
22a
In base 16, what is 1c5 - 319?
-154
In base 10, what is -9 + -351311?
-351320
In base 13, what is -1b79 - 2?
-1b7b
In base 13, what is -2574a8 + 2?
-2574a6
In base 10, what is 59 - -5063?
5122
In base 14, what is -4d - -15775?
15726
In base 16, what is bc42 + -6?
bc3c
In base 15, what is -61b1 - -4?
-61ac
In base 6, what is 15 + -23535?
-23520
In base 11, what is -2 - -12301?
122aa
In base 10, what is -14 - -198529?
198515
In base 11, what is 4 + 4147?
4150
In base 12, what is 329339 - -1?
32933a
In base 16, what is -36 + d2e9?
d2b3
In base 9, what is 883 - -5?
888
In base 16, what is a - 3e4f?
-3e45
In base 6, what is -14551343 + -2?
-14551345
In base 12, what is 9b028 + 5?
9b031
In base 15, what is c4 - 18c?
-b8
In base 5, what is -21243 - 44430?
-121223
In base 13, what is 2 - b2ab1?
-b2aac
In base 8, what is 1 + 441406?
441407
In base 8, what is 132 + -1754?
-1622
In base 15, what is -3 - -bb9?
bb6
In base 6, what is -501 - 3241?
-4142
In base 15, what is 6e - -180a?
1879
In base 15, what is -1e0d - -e?
-1dee
In base 12, what is 2 - -162a79?
162a7b
In base 10, what is 2 - 27196?
-27194
In base 16, what is 1ab51 - 3?
1ab4e
In base 11, what is -3a886 - -a?
-3a877
In base 6, what is -32 - -52520?
52444
In base 7, what is -55 + -4543?
-4631
In base 4, what is 1030203 - 13?
1030130
In base 3, what is 1212 - -100201?
102120
In base 16, what is -22f + 884?
655
In base 10, what is -35043 - -5?
-35038
In base 7, what is 3 - 23660226?
-23660223
In base 3, what is -20 + 111002212110?
111002212020
In base 8, what is 12670 - 7?
12661
In base 8, what is -11721325 - 2?
-11721327
In base 11, what is 4 + -583582?
-583579
In base 2, what is -100010000 - 10000101110?
-10100111110
In base 2, what is -100 + -101110110110110?
-101110110111010
In base 4, what is 3331 + -133221?
-123230
In base 16, what is -2 - 4fe55?
-4fe57
In base 8, what is -1033767 + -3?
-1033772
In base 7, what is -461 - 1064?
-1555
In base 7, what is 33633 + 66?
34032
In base 16, what is 85 - -57?
dc
In base 8, what is -2073 - 31?
-2124
In base 12, what is -7a6a + -110?
-7b7a
In base 2, what is 1011111011001010 - 1?
1011111011001001
In base 2, what is 110101010001100010 - 101?
110101010001011101
In base 11, what is 12341a + 5?
123424
In base 4, what is -111 - 112022313?
-112023030
In base 8, what is 1104311 + -4?
1104305
In base 5, what is -103 + -12403?
-13011
In base 3, what is 11210021 - 122?
11202122
In base 3, what is 12 - -1202200011?
1202200100
In base 13, what is 7b82b3 - -2?
7b82b5
In base 10, what is 243844 + -3?
243841
In base 7, what is -10 - 1616?
-1626
In base 4, what is -201133 - 2?
-201201
In base 9, what is -6466 + -2333?
-8810
In base 9, what is 234008 - -5?
234014
In base 14, what is 14 - 136?
-122
In base 2, what is 101 + 11111011011101010?
11111011011101111
In base 2, what is -1100 - 111011111001111010?
-111011111010000110
In base 7, what is -2031 + 10?
-2021
In base 2, what is 0 + 10011001101111?
10011001101111
In base 7, what is -35 + -100135?
-100203
In base 15, what is -168 - 7?
-170
In base 9, what is -5 - 212100?
-212105
In base 10, what is 27368 + -2?
27366
In base 15, what is -1b - -10dc8?
10dac
In base 14, what is -1d + -4c?
-6b
In base 11, what is -17229 - a1?
-1731a
In base 6, what is -2555235 - 0?
-2555235
In base 2, what is -11110 + -1001010011011?
-1001010111001
In base 13, what is 23 - -2993?
29b6
In base 8, what is -216552 - -5?
-216545
In base 2, what is -111101 - 1100111010?
-1101110111
In base 4, what is 12 - -1013330?
1020002
In base 5, what is -1212 + -2110?
-3322
In base 6, what is 30 - 13234?
-13204
In base 14, what is 26 - 1cb53?
-1cb2b
In base 9, what is -163 - 378?
-552
In base 7, what is 2 + -221013?
-221011
In base 15, what is -8 + -10d?
-116
In base 5, what is 1 - -201041?
201042
In base 12, what is 173948 - -3?
17394b
In base 3, what is 12222212112 + -20?
12222212022
In base 16, what is 3f49 + 2?
3f4b
In base 10, what is 274533 + 3?
274536
In base 10, what is 4 - -217395?
217399
In base 5, what is -41441 + -133?
-42124
In base 5, what is -10 + -122204?
-122214
In base 10, what is 709 + -50?
659
In base 8, what is 7 - 625442?
-625433
In base 2, what is 1011101110000001010 - -100?
1011101110000001110
In base 10, what is -151 + 19?
-132
In base 8, what is -175 + -12300?
-12475
In base 7, what is -2 - -